{"id":199,"date":"2024-01-21T14:47:24","date_gmt":"2024-01-21T14:47:24","guid":{"rendered":"https:\/\/50xbesserstreiten.ch\/?page_id=199"},"modified":"2024-01-25T20:10:28","modified_gmt":"2024-01-25T20:10:28","slug":"und-statt-aber","status":"publish","type":"page","link":"https:\/\/50xbesserstreiten.ch\/?page_id=199","title":{"rendered":"&#8222;Und&#8220; statt &#8222;aber&#8220; &#8211; die Wand und die Hand"},"content":{"rendered":"\n<p>\u00abDu darfst noch ein bisschen lesen, aber um acht Uhr l\u00f6schst du das Licht.\u00bb \u2013 Ein Standardsatz in den Kinderzimmern der Welt. Was das Kind dabei h\u00f6rt, sagt der Held Jon Snow im Fantasy-Epos Game Of Thrones so: \u00abAlles, was vor dem \u2039Aber\u203a gesagt wird, ist Pferdescheisse.\u00bb<\/p>\n\n\n\n<p>Genau. Der Zwerg im Buch, der gerade einem Drachen begegnet, und mein neues Legoflugzeug, bei dem ich nur noch den Fl\u00fcgel fertigbauen muss \u2013 das ist meinen Eltern egal. Wichtig ist nur, wann die Lichter ausgehen. Der Lockdown im Kinderzimmer als g\u00f6ttliche Ordnung.<\/p>\n\n\n\n<p>\u00abAber\u00bb in einer Pantomime dargestellt \u2013 eine einfache Aufgabe: Beim Wort \u00ababer\u00bb geht der Zeigefinger lehrmeisterlich in die Luft \u2013 Punkt gewonnen. Die Geste sagt dabei: \u00abAchtung! Jetzt pass auf, weil ich der Boss bin und jetzt das Wichtige kommt!\u00bb So wird aus der Leseerlaubnis eine Drohung, bestenfalls ein Zugest\u00e4ndnis, bei dem vom Kind ungesagt mindestens ein schlechtes Gewissen gew\u00fcnscht wird.<\/p>\n\n\n\n<p>Was im Kinderzimmer gilt, gilt auch in der Elternstube, auch wenn sie selten einem epischen Schlachtfeld gleicht. \u00abJa, du hast mir wirklich sch\u00f6ne Blumen gekauft, aber ich musste meine Mails checken.\u00bb Wer auch immer Ihnen die Blumen geschenkt hat, wird sich nach dieser Formulierung hinter die Mails zur\u00fcckgesetzt f\u00fchlen.<\/p>\n\n\n\n<p>Denn das Wort \u00ababer\u00bb zieht bildlich eine Wand auf, und der erste Teilsatz verschwindet dahinter. Wir haben uns daran gew\u00f6hnt, die Argumente des Gegen\u00fcbers mit \u00ababer\u00bb zu beantworten. Wir spielen uns oft vor, damit die Argumente des anderen wertzusch\u00e4tzen (wir \u00aberw\u00e4hnen\u00bb sie ja). Und wir stellen dabei unsere eigene Seite strahlend vor die Wand.<\/p>\n\n\n\n<p>\u00abSie haben recht, aber \u2026\u00bb heisst unter dem Strich: \u00abSie haben nicht alles bedacht, und ich sage Ihnen jetzt, was bei Ihnen falsch ist.\u00bb Auf diese Art bildet \u00ababer\u00bb immer erst mal eine Front und stellt meine Erkenntnis \u00fcber die des Gegen\u00fcbers.<\/p>\n\n\n\n<p>Aber (!): Es gibt einen Ausweg. Und der ist ausgerechnet das unscheinbare, untersch\u00e4tzte W\u00f6rtchen \u00abund\u00bb. Denn: Wenn \u00ababer\u00bb eine Wand ist, dann ist \u00abund\u00bb eine Hand. \u00abBis acht Uhr darfst du noch lesen, und dann l\u00f6schst du das Licht.\u00bb \u2013 Lesen Sie es laut, das t\u00f6nt automatisch anders.<\/p>\n\n\n\n<p>\u00abUnd\u00bb verbindet Teils\u00e4tze gleichwertig, ohne den ersten Gedanken implizit abzuwerten. Statt die Teils\u00e4tze durch eine Wand zu trennen, schafft \u00abund\u00bb Br\u00fccken und reicht die Hand. Das t\u00f6nt banal, und es hat eine beinahe universelle Wirkung. Probieren Sie es aus und ersetzen Sie in s\u00e4mtlichen S\u00e4tzen \u00ababer\u00bb durch \u00abund\u00bb.<\/p>\n\n\n\n<p>Als ich mir so selbst im Alltag zuh\u00f6rte, war ich \u00fcberrascht, wie diese \u00abKommunikation der kleinen Fronten\u00bb den Alltag durchwirkt. Ich war entsetzt, wie oft ich mit \u00ababer\u00bb mikroskopische Abwertungen vornahm. Ich war verbl\u00fcfft, wie problemlos sich \u00ababer\u00bb durch \u00abund\u00bb in fast jedem Fall ersetzen liess. Und ich war erstaunt, wie diese kleine \u00c4nderung f\u00fcr Entspannung in Streitgespr\u00e4chen sorgen kann.<\/p>\n\n\n\n<p>Zuletzt: Ja, Sprachgewohnheiten sind Despotinnen. Wenn ich Texte schreiben muss, bin ich immer wieder ver\u00e4rgert, wie mich mein \u00abAber\u00bb-Embargo zwingt, Gedanken besser zu fassen, statt auf die vertraute Wand- und Frontenmechanik zur\u00fcckgreifen. Aber (!) es lohnt sich.<\/p>\n","protected":false},"excerpt":{"rendered":"<p>\u00abDu darfst noch ein bisschen lesen, aber um acht Uhr l\u00f6schst du das Licht.\u00bb \u2013 Ein Standardsatz in den Kinderzimmern der Welt. Was das Kind dabei h\u00f6rt, sagt der Held Jon Snow im Fantasy-Epos Game Of Thrones so: \u00abAlles, was vor dem \u2039Aber\u203a gesagt wird, ist Pferdescheisse.\u00bb Genau. Der Zwerg im Buch, der gerade einem&hellip; <a class=\"more-link\" href=\"https:\/\/50xbesserstreiten.ch\/?page_id=199\"><span class=\"screen-reader-text\">&#8222;Und&#8220; statt &#8222;aber&#8220; &#8211; die Wand und die Hand<\/span> weiterlesen<\/a><\/p>\n","protected":false},"author":3,"featured_media":0,"parent":0,"menu_order":0,"comment_status":"closed","ping_status":"closed","template":"","meta":{"footnotes":""},"_links":{"self":[{"href":"https:\/\/50xbesserstreiten.ch\/index.php?rest_route=\/wp\/v2\/pages\/199"}],"collection":[{"href":"https:\/\/50xbesserstreiten.ch\/index.php?rest_route=\/wp\/v2\/pages"}],"about":[{"href":"https:\/\/50xbesserstreiten.ch\/index.php?rest_route=\/wp\/v2\/types\/page"}],"author":[{"embeddable":true,"href":"https:\/\/50xbesserstreiten.ch\/index.php?rest_route=\/wp\/v2\/users\/3"}],"replies":[{"embeddable":true,"href":"https:\/\/50xbesserstreiten.ch\/index.php?rest_route=%2Fwp%2Fv2%2Fcomments&post=199"}],"version-history":[{"count":2,"href":"https:\/\/50xbesserstreiten.ch\/index.php?rest_route=\/wp\/v2\/pages\/199\/revisions"}],"predecessor-version":[{"id":400,"href":"https:\/\/50xbesserstreiten.ch\/index.php?rest_route=\/wp\/v2\/pages\/199\/revisions\/400"}],"wp:attachment":[{"href":"https:\/\/50xbesserstreiten.ch\/index.php?rest_route=%2Fwp%2Fv2%2Fmedia&parent=199"}],"curies":[{"name":"wp","href":"https:\/\/api.w.org\/{rel}","templated":true}]}}